 (5 - 0) + (-16 - -8).
-15
4 + 24 + -10 + -16
2
What is (8 - 0) + -2 + 3664 + -3672?
-2
Evaluate (0 - 0 - 0 - -3) + 85 + -90.
-2
What is (-16 - 3 - -23) + -12?
-8
Evaluate -55 - -41 - (3 + -8).
-9
-6 + -1 - (1518 + -1512)
-13
(5 - -16) + 13 + 3 + -16
21
What is -5 + (19 - 11) - -8?
11
What is the value of (-5 - 4 - (1 - 2)) + -3 - 2?
-13
Calculate 1 + -12 + 1 + (-268 - -296).
18
Evaluate 14 + (-13 - 11 - -21).
11
Evaluate -41 + (4 - (-8 + -5 - -10)).
-34
Calculate 10 + -13 + 7 + -3 + 7.
8
Calculate 25 + -14 + -5 + -7 + 3.
2
What is -63 + 54 - (-6 - -19)?
-22
What is 0 + -46 + 1773 + -1709?
18
-25 - (12 - (8 - -2)) - -17
-10
(-15 - -1) + (-1 - -50) + -52
-17
-33 - -31 - (3 + 0)
-5
What is the value of 3 + (1 - -1) - (-70 - -69)?
6
Evaluate (-4 - -1) + -1 - (10 + -11 + -8).
5
Calculate 33 - (21 + (38 - 30)).
4
What is the value of -23 + 8 + 25 + 9?
19
41 - (17 + 31 + -32)
25
What is the value of -3 + -9 + 16 + (4 - -5)?
13
What is 22 - (-114 + 106 + -1 + -1)?
32
What is the value of 4 - 0 - (-36 - (42 + -88))?
-6
What is (4 + 3 - -1) + -9 + 3?
2
1613 + -1605 - (1 - (-2 + -27) - 0)
-22
What is the value of -30 + -31 + (19 - -59)?
17
What is the value of 11 + (-11 + 17 - 36)?
-19
What is 13 + (-7 - (-3 - 5)) - 14?
0
What is the value of (-1 - 2) + 3 - (-3 + 2)?
1
What is the value of 16 - (-5 + 2) - (424 - 384)?
-21
What is (4 - -11) + -7 - -1?
9
2 + (-1 - -15) + -22 + 1 + 19
14
Evaluate -13 - (3 - (6 - (-11 - -14))).
-13
What is 18 + (-9 - -24) + -15?
18
What is (-10 - (-14 + 1)) + -10?
-7
Calculate 0 - 3 - (-20 + 6 + 15).
-4
What is 0 + -6 + 3 + -3 - (8 - 27)?
13
Calculate -4 + (7 - (-27 + 59)).
-29
What is the value of -8 + 13 + (3 + -1 - -2)?
9
(98 - (0 - -44)) + -39
15
10 + (-12 - 3) + (1 - 2)
-6
Calculate 67 + -45 + (-16 - -8).
14
What is -10 + 16 + (-1 - -7 - -3)?
15
Calculate 2 - -2 - 13 - (127 - 155).
19
-140 - -85 - (-2 - 30)
-23
What is (12 - -2) + (-162 - -150)?
2
Calculate -215 + 164 - (3 + -1 + 1 - 15).
-39
Evaluate 4 + (11 - (13 + 3)).
-1
What is the value of -4 + (-9 - (-6 - 1)) + 2 + -2?
-6
What is -3 + (10 - (1 - (15 - 7)))?
14
What is the value of 100 - 93 - (4 - 0)?
3
(-20 - -9) + (3 - -1) + 16 + -13
-4
Calculate 0 + (-11 - (12 - (5 - -6))).
-12
What is the value of -6 + (6 - 1) + -10?
-11
(5 - -12) + 3 + -12 - (2 + -4)
10
What is the value of (6 - (3 + 1)) + 9 + -5 - -10?
16
8 + (-12 - (5 + -12 + 1))
2
(-15 - (-1 - 4)) + -18 + -1 - 3
-32
Evaluate 1921 + -1939 + 52 + 0 + 2.
36
What is (-64 - -27) + 24 + 12?
-1
Calculate -15 - (-18 + 35) - -25.
-7
8 + (0 - (-5 + 8 - -3)) + 3
5
Calculate -9 + 1 + 1 + (-4 - (-4 + 2)).
-9
Evaluate 3 - (-21 - -15 - (-1 + -21)) - -6.
-7
Evaluate -17 - (-13 + (16 - 11)).
-9
Calculate (10 - 26) + 4 - -19.
7
(6 - 5) + (-61 - -47)
-13
Evaluate (-20 - (6 + 8)) + (1 - -7) + 7.
-19
Calculate -6 + 5 + (6 - -9) + -6.
8
What is 2 + (16 - 4) + -13?
1
What is -5 - (-29 + (-8 - -23)) - (44 + -3)?
-32
Evaluate 0 + 2 - (0 + 1 + (6 - 18)).
13
What is the value of 13 - (-1 - (-22 + -3))?
-11
Evaluate -11 + 0 + (81 - 101) + (1 - -14).
-16
Evaluate 4 + 2 + 12 + 4 + -6.
16
Evaluate -170 + 159 + (2 - 9) - -7.
-11
What is the value of -13 + (8 + -4 - (6 - 13))?
-2
What is the value of 51 + -45 - (-2 + 29)?
-21
38 + -17 - (31 + 2)
-12
What is the value of 2933 + -2936 + (1 - (0 - (-3 - -1)))?
-4
(-565 - -546) + 49 + -2
28
-9 + -21 + 20 + -4
-14
Calculate (-31 - -1) + 25 + 1 + -1 + 8.
3
What is the value of (-1 + -10 + 18 - -1) + 13?
21
Calculate 2 + -1 + -7 + 2.
-4
Calculate -11 + -1 + -6 + 9.
-9
What is (-4 - -5) + -4 - (58 - 17 - 19)?
-25
What is 16 + (-6 + 13 - 24)?
-1
What is the value of -13 - (6 + (-1 - 8) + 5 - 9)?
-6
Evaluate -5 - (-6 + (-10 + (11 - 6) - -21)).
-15
What is the value of (-21 - 0) + (41 - (22 - -32))?
-34
Evaluate 5 + -6 + 0 + 2 - -12.
13
Calculate -6 - (7 - (0 + 11)) - -2.
0
Evaluate 1 + 11 + -25 - -13.
0
What is (-4 - -5) + (-3 - (-5 - -6 - 4))?
1
Evaluate (0 - 37) + -622 + 651.
-8
Calculate (-17 - (-18 + 14)) + -1.
-14
What is -3 + -11 + 3 + (-71 - -68)?
-14
Calculate -235 - -251 - (0 + 13).
3
Calculate (2 - (12 + -14)) + -9 - -18.
13
What is -5 + -6 + -4 + (10 - 4)?
-9
Evaluate (-1 - 1) + 395 + -376.
17
Evaluate 28 - (19 - 15 - -34).
-10
Calculate 2 + 1 + (-96 - -70) - -2 - 0.
-21
What is the value of -4 + 16 + (-7 + 5 - 2)?
8
(92 - 100 - (-32 - (0 + 2))) + -6
20
Calculate -37 + -16 + 35 + (5 + 0 - 0).
-13
Evaluate (22 - 0 - 8) + -25.
-11
Evaluate 65 + -10 + -7 + -12.
36
14 - 3 - (24 + 12)
-25
What is 10 + (1 + (-11 - 0) - (181 + -185))?
4
((6 - 11) + 16 + -4 - 0) + -3
4
What is the value of 7 + 1 - (-3 + -12 + 4 + 8)?
11
(-15 - (-24 - 7)) + -33
-17
Evaluate 7 + -13 - -5 - -5.
4
Calculate 14 - (-3 - -11) - -9.
15
What is the value of -3 + -1 + (-2 - -5 - -4) - 21?
-18
Calculate 19 - (-1 - (-1 + 8 + -13)).
14
Evaluate 6 - (4 - 3) - (8 + -17 - -22).
-8
What is the value of 4 - 0 - (-14 - (-7 + -8 - -4))?
7
What is the value of 13 + -13 + 11 + 13 - 10?
14
What is the value of 18 + (-7 - -4) + 0?
15
Evaluate -2 + -2 + 4 - (50 + -34 - 29).
13
What is the value of 41 + -17 + -41 + (-1 - -4)?
-14
Evaluate -7 + -14 + 74 + -14 + (-5 - 2).
32
Calculate -3 - -6 - ((22 - 23) + 16).
-12
Evaluate (43 - 3) + (-12 + 5 + 3 - 1).
35
Evaluate -190 - -177 - (1 + -20).
6
What is the value of (-9 - (-2 + (1 - 0))) + (-196 - -186)?
-18
What is the value of (-1 - (11 - (3 - -2))) + 17?
10
What is 7 + 1 - (-45 - -66 - -3)?
-16
Evaluate 10 - (-13 + 5) - 11.
7
What is the value of 11 + (12 - 23) - 6?
-6
Evaluate 47 - (58 - (5 - -22)).
16
5 + -2 + (16 - 6) + -2
11
Calculate -9 + (-6 - -6) - -1.
-8
Evaluate (1 + 0 - (21 + 2)) + (4 - -2).
-16
What is (-19 - (12 - 3)) + 47?
19
2 + (-1 + 2 - 6) - (11 + -5)
-9
What is the value of -68 + 39 - -12 - (-6 + 1)?
-12
What is -7 + 7 + -17 + 23 - (-1 + 4)?
3
What is the value of -36 + 51 + 6 + -1 + -32?
-12
What is the value of 5 + (-16 - -29) - (0 - -2 - -4)?
12
Calculate -14 - -15 - 29 - -31.
3
31 + -11 + -13 - (3 - 0)
4
What is -42 - -91 - (15 - (6 + -6))?
34
What is the value of (-3 + (-11 - -14) - -4) + 5?
9
Evaluate -14 - (-10 - -13) - -17 - -4.
4
(13 - (-7 - -10)) + -16
-6
1 + 1 + (-4 - (-4 - 8))
10
Calculate (-7 - (-16 + 3 - 1)) + -9.
-2
What is the value of 3 + -1 + (2 - -15 - 7)?
12
What is 1 + 15 + 19 + -41?
-6
Calculate 3 + -8 + 11 - (-22 - 6).
34
Evaluate (-13 - (-3 + 0) - (-13 + 9)) + 6.
0
Evaluate 19 - 13 - 4 - 13.
-11
Evaluate (-9 - -29) + (-14 - 1).
5
Evaluate 24 + -14 + 1 + -17 - (-2 - -18).
-22
What is the value of 2 + 4 - (4 + (4 - -1))?
-3
Evaluate 1 + (-12 - 3) - (-17 + -6 - -17).
-8
What is the value of -9 + (-2 - 1 - (5 + 5 + -20))?
-2
What is the value of -1 + -16 + 45 + -25 + -14?
-11
What is -2 + 8 + 5 + (-4 - 0)?
7
What is 9 + -9 + (10 - 1)?
9
What is the value of -17 - (71 + -22 - 39)?
-27
What is -1 + (9 + -10 - 4) - (5 - 6)?
-5
-13 - -1 - (-9 - (20 - 13))
4
20 + (6 + -8 - 0) + -6 + 2
14
What is (36 - 15 - 2) + -9?
10
Evaluate 8 - (-2 - -6 - (14 - 6)).
12
What is the value of (37 - -18) + -9 + (0 - 19)?
27
(-2 - -23) + -55 + 11
-23
Evaluate 8 + (14 - (33 + -10)).
-1
What is the value of 1 + 20 + -11 + 13 + (-13 - -13)?
23
What is -5 + (-10 + 3 + 10 - -4)?
2
Calculate -21 + 29 + (8 - ((4 - 1) + -3)).
16
Calculate (10 - 0 - 9) + (5 - (2 + 41)).
-37
What is 16 - (-8 - (2 + (-9 - -8) + -1))?
24
Calculate -10 + (-7 - -14 - -15).
12
Evaluate 19 + -5 + (18 - 27 - -15).
20
What is the value of (-7 - 1) + 15 + -5 + -6?
-4
Evaluate -5 + -10 - -9 - -9 - -1.
4
Calculate 5 + -22 - -42 - 17.
8
Calculate -5 - (-14 + -1 - -20).
-10
Evaluate (35 - 13) + -34 + 3.
-9
Calculate -16 + (38 + -21 - 3).
-2
What is the value of 5 + -28 - -6 - -16?
-1
-18 - ((20 - -1) + -22)
-17
What is 3 + 6 + -4 + -6 - -4 - -2?
5
Evaluate -3 + -6 + (-6 - (0 - -4)).
-19
Evaluate 4 + 27 + -36 + (-5 + 18 - 1).
7
What is the value of (5 - 17 - -13) + (13 - (-7 - -5))?
16
What is the value of 0 + -41 + -19 + 5 + 23 + 1?
-31
Calculate -16 + -24 + 38 - (1 - 1).
-2
What is the value of -2 + -2 + -10 - (5 - (4 + 6))?
-9
What is the value of (-25 - -23) + 6 + 0 + (8 - 8)?
4
Evaluate -1 + 6 + 0 - (3 - -4).
-2
What is the value of -24 + (2 - -1) - -16?
-5
What is 2 + -9 + (-8 - (7 + -6 + -37))?
21
What is the value of (-2 - 11) + 15 - ((4 - 22) + -3)?
23
What is the value of 1 + -1 + -10 + (-27 - -41) + 